{"id":231,"date":"2023-02-02T13:26:05","date_gmt":"2023-02-02T12:26:05","guid":{"rendered":"https:\/\/bournazel-tarn.fr\/?page_id=231"},"modified":"2024-07-16T13:45:08","modified_gmt":"2024-07-16T11:45:08","slug":"identite","status":"publish","type":"page","link":"https:\/\/bournazel-tarn.fr\/index.php\/identite\/","title":{"rendered":"Identit\u00e9"},"content":{"rendered":"\n<details class=\"wp-block-details is-layout-flow wp-block-details-is-layout-flow\"><summary>Carte nationale d\u2019identit\u00e9<br>La carte nationale d\u2019identit\u00e9 est un document officiel qui permet \u00e0 une personne physique de prouver son identit\u00e9. Elle n\u2019est pas\u00a0obligatoire. Sa dur\u00e9e de validit\u00e9 est de 15 ans pour une\u00a0personne majeure et de 10 ans lorsqu\u2019elle a \u00e9t\u00e9 \u00e9tablie durant la minorit\u00e9 de son titulaire.<br>Pour toute question ou demande, vous pouvez consulter la mairie<br>ou vous rendre sur le site service-public.fr : <a href=\"https:\/\/passeport.ants.gouv.fr\/demarches-en-ligne\">https:\/\/passeport.ants.gouv.fr\/demarches-en-ligne<\/a><br><br>\u00a0<br>Passeport biom\u00e9trique<br>Le passeport est un titre d\u2019identit\u00e9 officiel, d\u00e9livr\u00e9 par un \u00c9tat \u00e0 ses ressortissants.\u00a0Sa dur\u00e9e<br>de validit\u00e9 est de 10 ans pour une personne majeure et de 5 ans pour une personne\u00a0mineure.<br>Pour toute question ou demande, vous pouvez consulter la mairie<br>ou vous rendre sur le site service-public.fr : <a href=\"https:\/\/passeport.ants.gouv.fr\/demarches-en-ligne\">https:\/\/passeport.ants.gouv.fr\/demarches-en-ligne<\/a><\/summary>\n<p><\/p>\n<\/details>\n","protected":false},"excerpt":{"rendered":"","protected":false},"author":1,"featured_media":0,"parent":0,"menu_order":0,"comment_status":"closed","ping_status":"closed","template":"","meta":{"footnotes":""},"class_list":["post-231","page","type-page","status-publish"],"_links":{"self":[{"href":"https:\/\/bournazel-tarn.fr\/index.php\/wp-json\/wp\/v2\/pages\/231","targetHints":{"allow":["GET"]}}],"collection":[{"href":"https:\/\/bournazel-tarn.fr\/index.php\/wp-json\/wp\/v2\/pages"}],"about":[{"href":"https:\/\/bournazel-tarn.fr\/index.php\/wp-json\/wp\/v2\/types\/page"}],"author":[{"embeddable":true,"href":"https:\/\/bournazel-tarn.fr\/index.php\/wp-json\/wp\/v2\/users\/1"}],"replies":[{"embeddable":true,"href":"https:\/\/bournazel-tarn.fr\/index.php\/wp-json\/wp\/v2\/comments?post=231"}],"version-history":[{"count":4,"href":"https:\/\/bournazel-tarn.fr\/index.php\/wp-json\/wp\/v2\/pages\/231\/revisions"}],"predecessor-version":[{"id":494,"href":"https:\/\/bournazel-tarn.fr\/index.php\/wp-json\/wp\/v2\/pages\/231\/revisions\/494"}],"wp:attachment":[{"href":"https:\/\/bournazel-tarn.fr\/index.php\/wp-json\/wp\/v2\/media?parent=231"}],"curies":[{"name":"wp","href":"https:\/\/api.w.org\/{rel}","templated":true}]}}