{"id":502,"date":"2024-07-16T14:26:51","date_gmt":"2024-07-16T12:26:51","guid":{"rendered":"https:\/\/bournazel-tarn.fr\/?page_id=502"},"modified":"2024-07-16T14:26:51","modified_gmt":"2024-07-16T12:26:51","slug":"permis-de-construire","status":"publish","type":"page","link":"https:\/\/bournazel-tarn.fr\/index.php\/permis-de-construire\/","title":{"rendered":"Permis de construire"},"content":{"rendered":"\n<details class=\"wp-block-details is-layout-flow wp-block-details-is-layout-flow\"><summary>Le permis de construire est une autorisation d&rsquo;urbanisme d\u00e9livr\u00e9e par la mairie. Il concerne les constructions nouvelles, m\u00eame sans fondation, <strong>de plus de 20 m\u00b2.<\/strong> Il est obligatoire pour certains travaux d&rsquo;extension des b\u00e2timents existants et pour leur\u00a0changement de destination(Il existe 5 types de destinations\u00a0: exploitation agricole et foresti\u00e8re, habitation, commerce et activit\u00e9s de service, \u00e9quipements d&rsquo;int\u00e9r\u00eat collectif et services publics, autres activit\u00e9s des secteurs secondaire ou tertiaire). Il y a changement de destination lorsque l&rsquo;on passe d&rsquo;une cat\u00e9gorie \u00e0 une autre. Les travaux qui ne rel\u00e8vent pas du permis de construire n\u00e9cessitent en principe une d\u00e9claration pr\u00e9alable de travaux.<br>Construction d\u2019une maison individuelle<br>Agrandissement d\u2019une maison individuelle existante<br>Piscine et abri de piscine<br>Abri de jardin, garage, cabane<br>Changement de destination<br>Reconstruction \u00e0 l\u2019identique<br><a href=\"https:\/\/www.service-public.fr\/particuliers\/vosdroits\/F1986\">https:\/\/www.service-public.fr\/particuliers\/vosdroits\/F1986<\/a><\/summary>\n<p><\/p>\n<\/details>\n","protected":false},"excerpt":{"rendered":"","protected":false},"author":2,"featured_media":0,"parent":0,"menu_order":0,"comment_status":"closed","ping_status":"closed","template":"","meta":{"footnotes":""},"class_list":["post-502","page","type-page","status-publish"],"_links":{"self":[{"href":"https:\/\/bournazel-tarn.fr\/index.php\/wp-json\/wp\/v2\/pages\/502","targetHints":{"allow":["GET"]}}],"collection":[{"href":"https:\/\/bournazel-tarn.fr\/index.php\/wp-json\/wp\/v2\/pages"}],"about":[{"href":"https:\/\/bournazel-tarn.fr\/index.php\/wp-json\/wp\/v2\/types\/page"}],"author":[{"embeddable":true,"href":"https:\/\/bournazel-tarn.fr\/index.php\/wp-json\/wp\/v2\/users\/2"}],"replies":[{"embeddable":true,"href":"https:\/\/bournazel-tarn.fr\/index.php\/wp-json\/wp\/v2\/comments?post=502"}],"version-history":[{"count":1,"href":"https:\/\/bournazel-tarn.fr\/index.php\/wp-json\/wp\/v2\/pages\/502\/revisions"}],"predecessor-version":[{"id":503,"href":"https:\/\/bournazel-tarn.fr\/index.php\/wp-json\/wp\/v2\/pages\/502\/revisions\/503"}],"wp:attachment":[{"href":"https:\/\/bournazel-tarn.fr\/index.php\/wp-json\/wp\/v2\/media?parent=502"}],"curies":[{"name":"wp","href":"https:\/\/api.w.org\/{rel}","templated":true}]}}